0) in base 8?
1200
Convert 474a3 (base 11) to base 5.
4142403
What is 33242 (base 5) in base 8?
4422
What is 6356 (base 8) in base 3?
11112121
510 (base 15) to base 14
5b6
-485 (base 9) to base 5
-3101
210 (base 3) to base 12
19
What is eb2 (base 16) in base 12?
2216
What is -44cc (base 13) in base 3?
-111012202
-768 (base 9) to base 7
-1556
-10000101101 (base 2) to base 4
-100231
Convert -123 (base 16) to base 11.
-245
232120 (base 4) to base 12
1874
21211020 (base 3) to base 2
1011001000111
What is -42640 (base 11) in base 15?
-13581
Convert -649 (base 11) to base 8.
-1413
32231 (base 5) to base 9
3004
Convert -1950 (base 12) to base 4.
-300030
4c5 (base 15) to base 16
43d
Convert 274 (base 9) to base 2.
11100101
Convert 2403 (base 10) to base 14.
c39
Convert 281 (base 14) to base 11.
41a
What is -2651 (base 7) in base 16?
-3f8
Convert 2422 (base 6) to base 12.
412
-3123331 (base 4) to base 2
-11011011111101
Convert -2640 (base 7) to base 2.
-1111110000
11703 (base 8) to base 12
2b17
Convert -1000000010100 (base 2) to base 5.
-112431
Convert 2047 (base 15) to base 4.
1222201
Convert -485 (base 15) to base 10.
-1025
-20022221 (base 3) to base 14
-1979
What is -1ced (base 16) in base 5?
-214110
Convert 20121 (base 3) to base 2.
10110010
What is 926 (base 14) in base 12?
105a
120443 (base 7) to base 5
1144321
What is -11110101110 (base 2) in base 9?
-2624
227 (base 16) to base 9
672
Convert -10772 (base 8) to base 6.
-33150
-10973 (base 10) to base 9
-16042
Convert 3041 (base 8) to base 9.
2133
Convert -452 (base 13) to base 7.
-2111
-105102 (base 7) to base 10
-18573
What is -210 (base 6) in base 2?
-1001110
What is -1023200 (base 4) in base 6?
-34212
5a98 (base 13) to base 6
135132
What is 3213 (base 6) in base 14?
3a1
What is 300032 (base 4) in base 10?
3086
What is 35228 (base 11) in base 8?
143242
Convert -2002011111 (base 3) to base 2.
-1001111111110001
What is 3c0 (base 14) in base 11?
628
What is 47449 (base 10) in base 8?
134531
72 (base 10) to base 13
57
-31363 (base 7) to base 6
-55454
Convert 3331320 (base 4) to base 7.
65241
Convert -133234 (base 5) to base 3.
-21110122
What is 3e25 (base 15) in base 7?
53543
What is -e9 (base 15) in base 6?
-1003
-1242244 (base 5) to base 14
-9003
-4da (base 14) to base 6
-4304
What is -1100 (base 8) in base 14?
-2d2
What is 10010000111111 (base 2) in base 14?
354b
Convert 43222 (base 5) to base 8.
5571
-3120 (base 7) to base 8
-2104
What is -344120 (base 6) in base 2?
-111001011110000
What is -221122 (base 3) in base 7?
-2006
Convert -2407 (base 8) to base 4.
-110013
Convert -c5 (base 16) to base 7.
-401
What is 4134 (base 6) in base 4?
32122
1901 (base 11) to base 6
15113
1221110021 (base 3) to base 15
b4e4
What is -697 (base 11) in base 2?
-1101000000
Convert 3777 (base 9) to base 4.
230020
-3100 (base 8) to base 3
-2012021
What is -1e3d (base 16) in base 12?
-4591
What is 80a (base 13) in base 16?
552
-533 (base 8) to base 2
-101011011
Convert -1976 (base 16) to base 12.
-3932
What is -5133 (base 14) in base 2?
-11011010001001
3011 (base 6) to base 16
28f
What is -110102 (base 3) in base 10?
-335
Convert 41223 (base 8) to base 11.
11894
Convert -2075 (base 14) to base 15.
-19cb
What is 295 (base 13) in base 4?
13030
1479 (base 11) to base 2
11101101101
What is -23754 (base 8) in base 4?
-2133230
What is -22220221 (base 3) in base 9?
-8827
-75 (base 12) to base 6
-225
What is -10202210 (base 3) in base 14?
-1004
Convert -13b19 (base 12) to base 14.
-a061
-2202 (base 3) to base 11
-68
532 (base 14) to base 11
851
Convert -14303 (base 6) to base 14.
-b83
Convert -4723 (base 9) to base 15.
-1089
216203 (base 7) to base 5
2210144
Convert 203 (base 5) to base 13.
41
-229 (base 10) to base 4
-3211
What is 346 (base 13) in base 6?
2341
11000 (base 5) to base 8
1356
-221 (base 12) to base 16
-139
What is -1001101110001000 (base 2) in base 9?
-60550
Convert -26113 (base 10) to base 7.
-136063
12324 (base 13) to base 16
82d4
100010011010001 (base 2) to base 10
17617
What is -229 (base 10) in base 8?
-345
What is -24365 (base 8) in base 10?
-10485
What is -203333 (base 5) in base 6?
-51034
-560a (base 12) to base 16
-252a
Convert 40424 (base 7) to base 12.
5822
What is -220012021 (base 3) in base 5?
-1031023
Convert -487 (base 11) to base 13.
-357
What is -2773 (base 12) in base 5?
-121201
-e9 (base 15) to base 2
-11011011
What is 330231 (base 5) in base 3?
120112010
What is 2552 (base 9) in base 15?
875
What is 21530 (base 7) in base 6?
41015
-548 (base 11) to base 2
-1010010001
Convert -10111011110 (base 2) to base 15.
-6a2
1573 (base 9) to base 2
10010110000
What is -15510 (base 6) in base 4?
-220002
-138a2 (base 14) to base 16
-bce6
Convert -126b (base 14) to base 16.
-c9f
Convert 20743 (base 10) to base 9.
31407
Convert -60271 (base 8) to base 14.
-9049
Convert -2b37 (base 15) to base 5.
-244102
c51 (base 14) to base 8
4567
44515 (base 8) to base 15
5860
What is 1d39 (base 14) in base 3?
21022220
-21083 (base 9) to base 2
-11011001100110
What is 8863 (base 16) in base 5?
2104130
Convert -230 (base 4) to base 14.
-32
Convert -4a (base 11) to base 13.
-42
What is -1100111001001 (base 2) in base 4?
-1213021
What is -46016 (base 7) in base 11?
-8854
e6d (base 15) to base 9
4414
What is 420 (base 12) in base 6?
2440
-1c00 (base 16) to base 11
-5427
Convert -363 (base 8) to base 11.
-201
Convert -2734 (base 14) to base 10.
-6906
What is 158 (base 11) in base 12?
134
Convert -290a (base 13) to base 8.
-13445
What is 42 (base 9) in base 14?
2a
-162 (base 15) to base 8
-475
Convert -71a (base 11) to base 16.
-364
Convert -539 (base 16) to base 13.
-7bb
1645 (base 15) to base 9
6512
1828 (base 16) to base 8
14050
50303 (base 6) to base 13
3000
-da1 (base 14) to base 5
-41224
What is -10221210200 (base 3) in base 13?
-29592
-6267 (base 8) to base 5
-101010
What is 7345 (base 14) in base 3?
1000020110
-2081 (base 10) to base 16
-821
Convert -3a99 (base 13) to base 11.
-6353
-6ed (base 15) to base 13
-940
-4084 (base 16) to base 9
-24581
Convert 223040 (base 5) to base 8.
17327
Convert 132310 (base 4) to base 9.
2631
Convert -433 (base 8) to base 5.
-2113
e8 (base 15) to base 10
218
What is 100100001101100 (base 2) in base 7?
105024
What is 720 (base 15) in base 9?
2173
13413 (base 5) to base 11
918
What is -5ec (base 15) in base 4?
-111003
Convert 13153 (base 6) to base 10.
2013
Convert 199 (base 14) to base 8.
513
What is -221100 (base 3) in base 14?
-36c
Convert 593 (base 12) to base 3.
1010210
1932 (base 10) to base 8
3614
What is -19a6 (base 13) in base 10?
-3854
What is -147 (base 14) in base 4?
-10003
Convert 11310 (base 6) to base 4.
121122
What is -b7 (base 13) in base 11?
-127
Convert 53110 (base 6) to base 3.
100211120
What is 11110000 (base 2) in base 12?
180
Convert 1658 (base 9) to base 12.
898
What is 417b (base 13) in base 12?
52ab
-204440 (base 6) to base 14
-6088
What is 67704 (base 8) in base 9?
43221
cb (base 16) to base 3
21112
What is -2154 (base 7) in base 9?
-1050
Convert 5031 (base 15) to base 9.
25181
What is 1672 (base 8) in base 5?
12304
Convert -3102022 (base 4) to base 10.
-13450
Convert 2a4a (base 12) to base 9.
6714
-1021103 (base 4) to base 5
-122231
What is 16491 (base 10) in base 5?
1011431
What is -6112 (base 8) in base 14?
-120a
What is 1672 (base 14) in base 3?
12111220
What is 81 (base 14) in base 2?
1110001
1b2 (base 15) to base 8
610
-217 (base 11) to base 3
-100122
-20040 (base 5) to base 14
-66a
272 (base 13) to base 12
2bb
-1365 (base 8) to base 11
-629
3323 (base 5) to base 7
1231
-2422 (base 6) to base 12
-412
What is 3712 (base 9) in base 14?
1017
Convert 1bf (base 16) to base 6.
2023
What is 6286 (base 9) in base 5?
121424
211422 (base 7) to base 15
ac80
Convert 5131 (base 6) to base 8.
2157
What is -3b5 (base 12) in base 3?
-210002
Convert 10009 (base 11) to base 13.
688c
What is 676 (base 13) in base 11?
920
Convert -b2a (base 13) to base 9.
-2535
What is 37078 (base 11) in base 9?
81130
Convert -11187 (base 10) to base 5.
-324222
Convert -101100100111 (base 2) to base 8.
-5447
-182 (base 9) to base 10
-155
-162 (base 7) to base 3
-10110
What is 30200 (base 5) in base 14?
9b7
What is -3a4 (base 13) in base 15?
-2cb
What is -232131 (base 5) in base 10?
-8416
C